 220111 - -11022110201?
11100101012
In base 3, what is -200211 + -12201200?
-20102111
In base 16, what is -8a - 22cd6?
-22d60
In base 14, what is -2a6c - -427?
-2645
In base 6, what is 12030244 + 453?
12031141
In base 12, what is 6333 + -3302a?
-288b7
In base 6, what is 1 - -2511142002?
2511142003
In base 13, what is 4 - -63046b?
630472
In base 9, what is -5817 - -81775?
74857
In base 16, what is -10 - -6e179?
6e169
In base 9, what is -3 + 10573487?
10573484
In base 14, what is 10c48c - -144?
10c5d2
In base 9, what is 1654 + -368248?
-366484
In base 7, what is -21113 - 4365?
-25511
In base 13, what is 1c7936962 + 2?
1c7936964
In base 14, what is -6 - -1cd56466?
1cd56460
In base 10, what is 9 - 565991?
-565982
In base 7, what is -15203122 - -34?
-15203055
In base 4, what is -3 - -103223213332?
103223213323
In base 3, what is -1002011021 - 2112011?
-1011200102
In base 2, what is 1101110100011 + -1011001111000?
10100101011
In base 16, what is 10f727 + 2?
10f729
In base 6, what is 11 + 22424524?
22424535
In base 10, what is 1 + -25874678?
-25874677
In base 14, what is -c2c - 993?
-17c1
In base 2, what is -11 + 1000111111010001100011110?
1000111111010001100011011
In base 7, what is 13363660 - 11?
13363646
In base 12, what is 5b411 - -3?
5b414
In base 8, what is 32601 - -13255?
46056
In base 10, what is 1296027 + -13?
1296014
In base 5, what is 1040444434 + -13?
1040444421
In base 2, what is -1100000001001 + -1101000000111?
-11001000010000
In base 9, what is -763880418 + 5?
-763880413
In base 13, what is -b - -40b70?
40b62
In base 8, what is 3414405 + 11?
3414416
In base 15, what is 304d20 - 5?
304d1a
In base 16, what is 685 - 124b?
-bc6
In base 8, what is 3356 + -20104?
-14526
In base 14, what is 55 + -40bb0b?
-40ba96
In base 3, what is -2111120 - -12022111000?
12012222110
In base 16, what is -1d53a - -34e?
-1d1ec
In base 14, what is -19 + b4d3?
b4b8
In base 10, what is 1 + 20897001?
20897002
In base 14, what is 3133a52 + -2?
3133a50
In base 9, what is 3484010 - 1?
3484008
In base 11, what is 307a66 - -181?
308137
In base 3, what is 101022201 - 20112122?
10210002
In base 10, what is -900 + -154131?
-155031
In base 15, what is 26ae27 + a?
26ae32
In base 12, what is -10 + 551277?
551267
In base 7, what is -5222032 - 250?
-5222312
In base 10, what is 5770359 - -22?
5770381
In base 8, what is 1634363 - 12?
1634351
In base 13, what is bc550b + -1?
bc550a
In base 4, what is 21120 + -2000002?
-1312222
In base 11, what is -4189 + -338?
-4516
In base 16, what is -188 - 80ad0?
-80c58
In base 9, what is -36 + -7141774?
-7141821
In base 6, what is -20111 + 1433044?
1412533
In base 16, what is -13d059 - 9?
-13d062
In base 15, what is 45c6b - 24?
45c47
In base 7, what is 10 + 23256633?
23256643
In base 12, what is 4112 - -4255?
8367
In base 13, what is 44 + -9b473?
-9b42c
In base 15, what is -8 - -3a378?
3a370
In base 2, what is 10001000100000101011010 - -1000?
10001000100000101100010
In base 7, what is -2060 + -214361?
-216451
In base 14, what is -4 - -1012ca?
1012c6
In base 8, what is 4 + 45010237?
45010243
In base 15, what is 66b0e + -27a?
66884
In base 5, what is -203242204 - 10114?
-203302323
In base 9, what is 30420 - -2868?
33388
In base 12, what is 4b560b43 - -5?
4b560b48
In base 11, what is -77 + 4250?
4184
In base 7, what is -13512302033 + 3?
-13512302030
In base 9, what is -144361103 + 0?
-144361103
In base 14, what is 1c0 + -76b0b?
-7692b
In base 15, what is -33b + 381ae?
37d73
In base 2, what is -100100010011000 - 111001011000?
-101011011110000
In base 15, what is -53314a + 1?
-533149
In base 7, what is -12265362 - -1262?
-12264100
In base 7, what is -5 - 4542504631?
-4542504636
In base 14, what is -1cbdd1 + 2?
-1cbdcd
In base 11, what is 2 - 20a2971?
-20a296a
In base 13, what is 0 + 4b0c221?
4b0c221
In base 13, what is -6b72 - -6ba1?
2c
In base 4, what is -2130222 + -2022?
-2132310
In base 16, what is d845 + 445?
dc8a
In base 7, what is -104463 - -1552?
-102611
In base 12, what is 1a5 + 1aa99b?
1aab84
In base 4, what is 30101010132 - 13?
30101010113
In base 9, what is -410432 - -20?
-410412
In base 13, what is -7cca6aa - -1?
-7cca6a9
In base 8, what is -1342265254 + 1?
-1342265253
In base 7, what is -4660644561 + 5?
-4660644553
In base 6, what is -1 - 12453522?
-12453523
In base 5, what is 1204111413 + -1?
1204111412
In base 13, what is -62066c7 - 1?
-62066c8
In base 13, what is 7 + 16712184?
1671218b
In base 8, what is 0 - -16442011?
16442011
In base 3, what is -1101100 + -21120102002?
-21121210102
In base 12, what is -4 - 84686858?
-84686860
In base 6, what is -55030 - 531151?
-1030221
In base 16, what is 71 + -34?
3d
In base 12, what is 381 + ab508?
ab889
In base 13, what is -4 - 27cc94?
-27cc98
In base 11, what is 3312 - 11458?
-9146
In base 11, what is -4240 - 15510?
-19750
In base 8, what is -502 + 41450?
40746
In base 8, what is -47 - 455522?
-455571
In base 5, what is 2 + 240402232344?
240402232401
In base 15, what is -12079 - -1869?
-10710
In base 16, what is -3 - 261cd7?
-261cda
In base 14, what is 970 + 1160?
1ad0
In base 2, what is -100 + 110010101011100111001101?
110010101011100111001001
In base 3, what is 10021 - 102112120010?
-102112102212
In base 8, what is 563 - -50303?
51066
In base 3, what is -11 + 1000002111021010?
1000002111020222
In base 16, what is -13c2 + 2818?
1456
In base 5, what is 14040244 + -103103?
13432141
In base 3, what is -211212020 - 102011?
-212021101
In base 3, what is -1010 + -111100120211202?
-111100120212212
In base 8, what is -5 + -1254214?
-1254221
In base 2, what is -10000101100000101001001000 + -100?
-10000101100000101001001100
In base 8, what is 14 - -41204360?
41204374
In base 10, what is -1825354 - -2?
-1825352
In base 15, what is 24e35b8 - 1b?
24e359c
In base 13, what is -34cb17 - -406?
-34c711
In base 12, what is -5a0 + 29887?
292a7
In base 9, what is 324 - 837428?
-837104
In base 6, what is -1011232 - 1224?
-1012500
In base 2, what is -1011100000100100110000 + -101?
-1011100000100100110101
In base 10, what is -233322831 - 4?
-233322835
In base 3, what is 2200112 + -1221212222?
-1212012110
In base 6, what is -23 - 242030335?
-242030402
In base 9, what is -175 - 7616?
-7802
In base 7, what is 1353011 + -130?
1352551
In base 11, what is 83629a - -220?
83650a
In base 16, what is 6688ff7 - -2?
6688ff9
In base 9, what is -28 - 2572574?
-2572613
In base 14, what is 104b00 + 5?
104b05
In base 5, what is -40111002 + 120?
-40110332
In base 15, what is -c8c6e - 1?
-c8c70
In base 15, what is -3 + 1586811?
158680d
In base 16, what is -19 + 256130b?
25612f2
In base 14, what is -311390 - -4?
-31138a
In base 8, what is -614344 - -15?
-614327
In base 15, what is -a70bd8 - -b?
-a70bcc
In base 14, what is -9 - -170bb74?
170bb69
In base 11, what is 3822632 - 20?
3822612
In base 8, what is 4 - -220043736?
220043742
In base 14, what is -4a + 6569d?
65653
In base 11, what is 157 + 108818?
108974
In base 12, what is -10 + -352381?
-352391
In base 15, what is -1c8c + 19048?
172ab
In base 14, what is -40c751 - 73?
-40c7c4
In base 12, what is -888 - -624?
-264
In base 11, what is 1310 - -10651?
11961
In base 11, what is 15a2091 + -47?
15a2045
In base 14, what is -933 - 23505?
-24038
In base 9, what is 274604203 + -4?
274604188
In base 10, what is -46053 + 274?
-45779
In base 14, what is 81509 - -506?
81a11
In base 4, what is 3332012233 - 11022?
3332001211
In base 12, what is -1133263 + 2?
-1133261
In base 8, what is -41431400 + -7?
-41431407
In base 7, what is -33 + 1420402?
1420336
In base 11, what is -7088230 + -3?
-7088233
In base 3, what is -120 + 21200010011?
21200002121
In base 9, what is 1370803 - -2?
1370805
In base 4, what is -10132301 + -111310?
-10310211
In base 10, what is -1 + 214902526?
214902525
In base 9, what is -21 - -5615306?
5615275
In base 8, what is 170 - 12651?
-12461
In base 2, what is 10 - -1101011001110111011111?
1101011001110111100001
In base 15, what is 2022 - -830?
2852
In base 12, what is -82 + 30a0?
301a
In base 8, what is -221455 - 15?
-221472
In base 12, what is 9354 - -12245?
1b599
In base 12, what is 19 + -3243249?
-3243230
In base 10, what is 0 - -4313947?
4313947
In base 10, what is 343063 + 54?
343117
In base 13, what is 4 - 10098057?
-10098053
In base 12, what is 59255 + -47?
5920a
